{"id":119,"date":"2020-02-26T13:59:21","date_gmt":"2020-02-26T16:59:21","guid":{"rendered":"http:\/\/www.indaial.sc.gov.br\/empreendedor\/?page_id=119"},"modified":"2023-08-25T14:17:08","modified_gmt":"2023-08-25T17:17:08","slug":"como-abrir-sua-empresa","status":"publish","type":"page","link":"http:\/\/www.indaial.sc.gov.br\/empreendedor\/index.php\/como-abrir-sua-empresa\/","title":{"rendered":"Como abrir sua empresa"},"content":{"rendered":"\n<p>Para abertura de empresas no munic\u00edpio de Indaial o contador da empresa ou o empres\u00e1rio dever\u00e1, primeiramente, solicitar a viabilidade de funcionamento no sistema <a rel=\"noreferrer noopener\" aria-label=\"REGIN (abre numa nova aba)\" href=\"http:\/\/www.jucesc.sc.gov.br\/index.php\/servicos\/regin\" target=\"_blank\">REGIN<\/a>, com o processo de viabilidade conclu\u00eddo dever\u00e1 apresentar,  pelo Auto Atendimento (<a rel=\"noreferrer noopener\" href=\"https:\/\/indaial.atende.net\/?pg=autoatendimento#!\/tipo\/servico\/valor\/111\/padrao\/2\/load\/1\" target=\"_blank\">Emiss\u00e3o de Processo Digital &#8211; Sala do Empreendedor<\/a>) ou na Sala do Empreendedor, os seguintes documentos:<\/p>\n\n\n\n<ul class=\"wp-block-list\"><li>FAC Municipal &#8211; preenchida com a senha do contador (<a rel=\"noreferrer noopener\" href=\"http:\/\/www.indaial.sc.gov.br\/empreendedor\/index.php\/solicitacao-de-acesso-contadores-2\/\" data-type=\"page\" data-id=\"243\" target=\"_blank\">Como solicitar o acesso de contador<\/a>) na <a rel=\"noreferrer noopener\" aria-label=\"Escrita  (abre numa nova aba)\" href=\"https:\/\/indaial.atende.net\/?pg=autoatendimento#!\/tipo\/servico\/valor\/84\/padrao\/1\/load\/1\" target=\"_blank\">Escrita <\/a><a href=\"https:\/\/indaial.atende.net\/?pg=autoatendimento#!\/tipo\/servico\/valor\/84\/padrao\/1\/load\/1\">Fiscal <\/a> &#8211; <a rel=\"noreferrer noopener\" href=\"http:\/\/www.indaial.sc.gov.br\/empreendedor\/index.php\/como-preencher-a-fac\/\" target=\"_blank\">Como Acessar a FAC<\/a>;<\/li><li>Cart\u00e3o de CNPJ (<a rel=\"noreferrer noopener\" aria-label=\"Link (abre numa nova aba)\" href=\"http:\/\/www.receita.fazenda.gov.br\/PessoaJuridica\/CNPJ\/cnpjreva\/Cnpjreva_Solicitacao.asp\" target=\"_blank\">CNPJ<\/a>);<\/li><li>Contrato Social ou Altera\u00e7\u00e3o;<\/li><li> Viabilidade do Sistema REGIN (<a href=\"http:\/\/www.jucesc.sc.gov.br\/\" target=\"_blank\" rel=\"noreferrer noopener\">JUCESC<\/a>);<\/li><li> Auto Declara\u00e7\u00e3o prevista no Anexo I do Decreto Municipal 2084\/2020, caso a viabilidade tenha sido aprovada com base neste decreto ou da Lei Estadual 17071\/2017 (<a rel=\"noreferrer noopener\" href=\"https:\/\/leismunicipais.com.br\/a1\/sc\/i\/indaial\/decreto\/2020\/209\/2084\/decreto-n-2084-2020-regulamenta-a-aplicacao-da-lei-de-liberdade-economica-e-da-lei-de-enquadramento-empresarial-simplificado-bem-como-disciplina-os-procedimentos-para-dispensa-e-concessao-de-alvara-de-licenca-para-instalacao-e-funcionamento-conforme-graus-de-risco-institui-a-autodeclaracao-e-da-outras-providencias?q=2084\" target=\"_blank\">Auto Declara\u00e7\u00e3o<\/a>).<\/li><\/ul>\n\n\n\n<p>Importante: no caso de um cadastro novo o protocolo ser\u00e1 gerado em nome da contabilidade pois seu cliente ainda n\u00e3o possui cadastro junto a municipalidade, assim, sugerimos que na descri\u00e7\u00e3o do protocolo seja colocada a Raz\u00e3o Social da cliente da contabilidade para futuramente, caso seja necess\u00e1rio, identificar de qual empresa se referente aquele protocolo.<\/p>\n\n\n\n<p>Obs.: caso voc\u00ea seja MEI separamos uma <a href=\"http:\/\/www.indaial.sc.gov.br\/empreendedor\/index.php\/cartilha-do-mei\/\" target=\"_blank\" rel=\"noreferrer noopener\" aria-label=\" (abre numa nova aba)\">cartilha <\/a>para lhe orientar.<\/p>\n","protected":false},"excerpt":{"rendered":"<p>Para abertura de empresas no munic\u00edpio de Indaial o contador da empresa ou o empres\u00e1rio dever\u00e1, primeiramente, solicitar a viabilidade de funcionamento no sistema REGIN, com o processo de viabilidade conclu\u00eddo dever\u00e1 apresentar, pelo Auto Atendimento (Emiss\u00e3o de Processo Digital &#8211; Sala do Empreendedor) ou na Sala do Empreendedor, os seguintes documentos: FAC Municipal &#8211; [&hellip;]<\/p>\n","protected":false},"author":1,"featured_media":0,"parent":0,"menu_order":0,"comment_status":"closed","ping_status":"closed","template":"","meta":{"footnotes":""},"class_list":["post-119","page","type-page","status-publish","hentry"],"_links":{"self":[{"href":"http:\/\/www.indaial.sc.gov.br\/empreendedor\/index.php\/wp-json\/wp\/v2\/pages\/119","targetHints":{"allow":["GET"]}}],"collection":[{"href":"http:\/\/www.indaial.sc.gov.br\/empreendedor\/index.php\/wp-json\/wp\/v2\/pages"}],"about":[{"href":"http:\/\/www.indaial.sc.gov.br\/empreendedor\/index.php\/wp-json\/wp\/v2\/types\/page"}],"author":[{"embeddable":true,"href":"http:\/\/www.indaial.sc.gov.br\/empreendedor\/index.php\/wp-json\/wp\/v2\/users\/1"}],"replies":[{"embeddable":true,"href":"http:\/\/www.indaial.sc.gov.br\/empreendedor\/index.php\/wp-json\/wp\/v2\/comments?post=119"}],"version-history":[{"count":16,"href":"http:\/\/www.indaial.sc.gov.br\/empreendedor\/index.php\/wp-json\/wp\/v2\/pages\/119\/revisions"}],"predecessor-version":[{"id":6635,"href":"http:\/\/www.indaial.sc.gov.br\/empreendedor\/index.php\/wp-json\/wp\/v2\/pages\/119\/revisions\/6635"}],"wp:attachment":[{"href":"http:\/\/www.indaial.sc.gov.br\/empreendedor\/index.php\/wp-json\/wp\/v2\/media?parent=119"}],"curies":[{"name":"wp","href":"https:\/\/api.w.org\/{rel}","templated":true}]}}