{"id":135,"date":"2020-02-26T15:02:52","date_gmt":"2020-02-26T18:02:52","guid":{"rendered":"http:\/\/www.indaial.sc.gov.br\/empreendedor\/?page_id=135"},"modified":"2020-02-26T15:07:08","modified_gmt":"2020-02-26T18:07:08","slug":"vinculacao-de-responsabilidade-contabil-contador","status":"publish","type":"page","link":"http:\/\/www.indaial.sc.gov.br\/empreendedor\/index.php\/vinculacao-de-responsabilidade-contabil-contador\/","title":{"rendered":"Vincula\u00e7\u00e3o de Responsabilidade Cont\u00e1bil \u2013 Contador"},"content":{"rendered":"\n<p>Caso um contador tenha passado a ser respons\u00e1vel por uma empresa que j\u00e1 \u00e9 estabelecida no munic\u00edpio de Indaial, devendo enviar, pelo Auto Atendimento (<a href=\"https:\/\/indaial.atende.net\/?pg=autoatendimento#!\/tipo\/servico\/valor\/26\/padrao\/1\/load\/1\">Emiss\u00e3o de Protocolos<\/a>) ou entregar na Sala do Empreendedor, os seguintes documentos<\/p>\n\n\n\n<ul class=\"wp-block-list\"><li>Requerimento de vincula\u00e7\u00e3o ou FAC Municipal de Vincula\u00e7\u00e3o &#8211; preenchida com a senha do contador na Escrita Fiscal (<a href=\"https:\/\/indaial.atende.net\/?pg=autoatendimento#!\/tipo\/servico\/valor\/84\/padrao\/1\/load\/1\">Escrita Fiscal<\/a>)  &#8211; Como Acessar a FAC;<\/li><\/ul>\n\n\n\n<p>Importante: o contador dever\u00e1 logar com a senha da contabilidade e selecionar seu cliente antes de acessar a op\u00e7\u00e3o de \u201cEmiss\u00e3o de Protocolo\u201d, caso contr\u00e1rio o protocolo ser\u00e1 gerado em nome da contabilidade e n\u00e3o de seu cliente.<\/p>\n","protected":false},"excerpt":{"rendered":"<p>Caso um contador tenha passado a ser respons\u00e1vel por uma empresa que j\u00e1 \u00e9 estabelecida no munic\u00edpio de Indaial, devendo enviar, pelo Auto Atendimento (Emiss\u00e3o de Protocolos) ou entregar na Sala do Empreendedor, os seguintes documentos Requerimento de vincula\u00e7\u00e3o ou FAC Municipal de Vincula\u00e7\u00e3o &#8211; preenchida com a senha do contador na Escrita Fiscal (Escrita [&hellip;]<\/p>\n","protected":false},"author":1,"featured_media":0,"parent":0,"menu_order":0,"comment_status":"closed","ping_status":"closed","template":"","meta":{"footnotes":""},"class_list":["post-135","page","type-page","status-publish","hentry"],"_links":{"self":[{"href":"http:\/\/www.indaial.sc.gov.br\/empreendedor\/index.php\/wp-json\/wp\/v2\/pages\/135","targetHints":{"allow":["GET"]}}],"collection":[{"href":"http:\/\/www.indaial.sc.gov.br\/empreendedor\/index.php\/wp-json\/wp\/v2\/pages"}],"about":[{"href":"http:\/\/www.indaial.sc.gov.br\/empreendedor\/index.php\/wp-json\/wp\/v2\/types\/page"}],"author":[{"embeddable":true,"href":"http:\/\/www.indaial.sc.gov.br\/empreendedor\/index.php\/wp-json\/wp\/v2\/users\/1"}],"replies":[{"embeddable":true,"href":"http:\/\/www.indaial.sc.gov.br\/empreendedor\/index.php\/wp-json\/wp\/v2\/comments?post=135"}],"version-history":[{"count":2,"href":"http:\/\/www.indaial.sc.gov.br\/empreendedor\/index.php\/wp-json\/wp\/v2\/pages\/135\/revisions"}],"predecessor-version":[{"id":137,"href":"http:\/\/www.indaial.sc.gov.br\/empreendedor\/index.php\/wp-json\/wp\/v2\/pages\/135\/revisions\/137"}],"wp:attachment":[{"href":"http:\/\/www.indaial.sc.gov.br\/empreendedor\/index.php\/wp-json\/wp\/v2\/media?parent=135"}],"curies":[{"name":"wp","href":"https:\/\/api.w.org\/{rel}","templated":true}]}}