{"id":214,"date":"2020-02-27T17:21:42","date_gmt":"2020-02-27T20:21:42","guid":{"rendered":"http:\/\/www.indaial.sc.gov.br\/empreendedor\/?page_id=214"},"modified":"2022-01-13T08:43:36","modified_gmt":"2022-01-13T11:43:36","slug":"mei-como-fazer-sua-declaracao-anual","status":"publish","type":"page","link":"http:\/\/www.indaial.sc.gov.br\/empreendedor\/index.php\/mei-como-fazer-sua-declaracao-anual\/","title":{"rendered":"MEI &#8211; Como Fazer sua Declara\u00e7\u00e3o Anual"},"content":{"rendered":"\n<ul class=\"wp-block-list\"><li> Acesse o site: <a rel=\"noreferrer noopener\" href=\"http:\/\/www.gov.br\/mei\" target=\"_blank\">www.gov.br\/mei<\/a> <\/li><li>Voc\u00ea ser\u00e1 redirecionado para o site <a rel=\"noreferrer noopener\" href=\"https:\/\/www.gov.br\/empresas-e-negocios\/pt-br\" target=\"_blank\">https:\/\/www.gov.br\/empresas-e-negocios\/pt-br<\/a><\/li><li>Clique na Op\u00e7\u00e3o J\u00e1 Sou MEI<\/li><\/ul>\n\n\n\n<div class=\"wp-block-image\"><figure class=\"aligncenter size-full\"><img fetchpriority=\"high\" decoding=\"async\" width=\"549\" height=\"230\" src=\"http:\/\/www.indaial.sc.gov.br\/empreendedor\/wp-content\/uploads\/2022\/01\/image.png\" alt=\"\" class=\"wp-image-6196\" srcset=\"http:\/\/www.indaial.sc.gov.br\/empreendedor\/wp-content\/uploads\/2022\/01\/image.png 549w, http:\/\/www.indaial.sc.gov.br\/empreendedor\/wp-content\/uploads\/2022\/01\/image-300x126.png 300w\" sizes=\"(max-width: 549px) 100vw, 549px\" \/><\/figure><\/div>\n\n\n\n<ul class=\"wp-block-list\"><li> Clique na op\u00e7\u00e3o \u201cDeclara\u00e7\u00e3o Anual de Faturamento\u201d <\/li><\/ul>\n\n\n\n<div class=\"wp-block-image\"><figure class=\"aligncenter size-full\"><img decoding=\"async\" width=\"494\" height=\"244\" src=\"http:\/\/www.indaial.sc.gov.br\/empreendedor\/wp-content\/uploads\/2022\/01\/image-1.png\" alt=\"\" class=\"wp-image-6197\" srcset=\"http:\/\/www.indaial.sc.gov.br\/empreendedor\/wp-content\/uploads\/2022\/01\/image-1.png 494w, http:\/\/www.indaial.sc.gov.br\/empreendedor\/wp-content\/uploads\/2022\/01\/image-1-300x148.png 300w\" sizes=\"(max-width: 494px) 100vw, 494px\" \/><\/figure><\/div>\n\n\n\n<ul class=\"wp-block-list\"><li>DES\u00c7A A NOVA TELA E Clique na op\u00e7\u00e3o \u201cDeclara\u00e7\u00e3o Anual de Faturamento\u201d<\/li><\/ul>\n\n\n\n<div class=\"wp-block-image\"><figure class=\"aligncenter size-full\"><img decoding=\"async\" width=\"346\" height=\"137\" src=\"http:\/\/www.indaial.sc.gov.br\/empreendedor\/wp-content\/uploads\/2022\/01\/image-2.png\" alt=\"\" class=\"wp-image-6198\" srcset=\"http:\/\/www.indaial.sc.gov.br\/empreendedor\/wp-content\/uploads\/2022\/01\/image-2.png 346w, http:\/\/www.indaial.sc.gov.br\/empreendedor\/wp-content\/uploads\/2022\/01\/image-2-300x119.png 300w\" sizes=\"(max-width: 346px) 100vw, 346px\" \/><\/figure><\/div>\n\n\n\n<ul class=\"wp-block-list\"><li> Informe seu CNPJ e Clique em Continuar<\/li><\/ul>\n\n\n\n<div class=\"wp-block-image\"><figure class=\"aligncenter size-full\"><img loading=\"lazy\" decoding=\"async\" width=\"393\" height=\"210\" src=\"http:\/\/www.indaial.sc.gov.br\/empreendedor\/wp-content\/uploads\/2022\/01\/image-3.png\" alt=\"\" class=\"wp-image-6199\" srcset=\"http:\/\/www.indaial.sc.gov.br\/empreendedor\/wp-content\/uploads\/2022\/01\/image-3.png 393w, http:\/\/www.indaial.sc.gov.br\/empreendedor\/wp-content\/uploads\/2022\/01\/image-3-300x160.png 300w\" sizes=\"(max-width: 393px) 100vw, 393px\" \/><\/figure><\/div>\n\n\n\n<ul class=\"wp-block-list\"><li>Selecione o ano da Declara\u00e7\u00e3o e clique em continuar<\/li><\/ul>\n\n\n\n<div class=\"wp-block-image\"><figure class=\"aligncenter size-full\"><img loading=\"lazy\" decoding=\"async\" width=\"558\" height=\"214\" src=\"http:\/\/www.indaial.sc.gov.br\/empreendedor\/wp-content\/uploads\/2022\/01\/image-4.png\" alt=\"\" class=\"wp-image-6200\" srcset=\"http:\/\/www.indaial.sc.gov.br\/empreendedor\/wp-content\/uploads\/2022\/01\/image-4.png 558w, http:\/\/www.indaial.sc.gov.br\/empreendedor\/wp-content\/uploads\/2022\/01\/image-4-300x115.png 300w\" sizes=\"(max-width: 558px) 100vw, 558px\" \/><\/figure><\/div>\n\n\n\n<ul class=\"wp-block-list\"><li>Informe o valor total de  faturamento (valor bruto) do ano selecionado, observe que no primeiro campo deve ser informado o valor recebedi com atividades de com\u00e9rcio, fabrica\u00e7\u00e3o ou transportes para outras cidades, estados ou paises, e no segundo campo deve ser informado o faturamento das atividades de servi\u00e7o, caso a empresa n\u00e3o tenha tido faturamento em uma ou duas das op\u00e7\u00f5es o valor informado deve ser 0 (zero) <\/li><\/ul>\n\n\n\n<p><\/p>\n\n\n\n<ul class=\"wp-block-list\"><li> Clique em \u201cContinuar\u201d <\/li><\/ul>\n\n\n\n<div class=\"wp-block-image\"><figure class=\"aligncenter size-full\"><img loading=\"lazy\" decoding=\"async\" width=\"533\" height=\"292\" src=\"http:\/\/www.indaial.sc.gov.br\/empreendedor\/wp-content\/uploads\/2022\/01\/image-5.png\" alt=\"\" class=\"wp-image-6201\" srcset=\"http:\/\/www.indaial.sc.gov.br\/empreendedor\/wp-content\/uploads\/2022\/01\/image-5.png 533w, http:\/\/www.indaial.sc.gov.br\/empreendedor\/wp-content\/uploads\/2022\/01\/image-5-300x164.png 300w\" sizes=\"(max-width: 533px) 100vw, 533px\" \/><\/figure><\/div>\n\n\n\n<ul class=\"wp-block-list\"><li>Ser\u00e1 apresentado um resumo dos pagamentos realizados no ano selecionado, para continuar clique em transmitir<\/li><\/ul>\n\n\n\n<div class=\"wp-block-image\"><figure class=\"aligncenter size-full\"><img loading=\"lazy\" decoding=\"async\" width=\"512\" height=\"412\" src=\"http:\/\/www.indaial.sc.gov.br\/empreendedor\/wp-content\/uploads\/2022\/01\/image-6.png\" alt=\"\" class=\"wp-image-6202\" srcset=\"http:\/\/www.indaial.sc.gov.br\/empreendedor\/wp-content\/uploads\/2022\/01\/image-6.png 512w, http:\/\/www.indaial.sc.gov.br\/empreendedor\/wp-content\/uploads\/2022\/01\/image-6-300x241.png 300w\" sizes=\"(max-width: 512px) 100vw, 512px\" \/><\/figure><\/div>\n\n\n\n<ul class=\"wp-block-list\"><li> Clique em Recibo de Entrega para salvar e\/ou imprimir o comprovante de declara\u00e7\u00e3o<\/li><\/ul>\n\n\n\n<div class=\"wp-block-image\"><figure class=\"aligncenter size-full\"><img loading=\"lazy\" decoding=\"async\" width=\"493\" height=\"203\" src=\"http:\/\/www.indaial.sc.gov.br\/empreendedor\/wp-content\/uploads\/2022\/01\/image-7.png\" alt=\"\" class=\"wp-image-6203\" srcset=\"http:\/\/www.indaial.sc.gov.br\/empreendedor\/wp-content\/uploads\/2022\/01\/image-7.png 493w, http:\/\/www.indaial.sc.gov.br\/empreendedor\/wp-content\/uploads\/2022\/01\/image-7-300x124.png 300w\" sizes=\"(max-width: 493px) 100vw, 493px\" \/><\/figure><\/div>\n","protected":false},"excerpt":{"rendered":"<p>Acesse o site: www.gov.br\/mei Voc\u00ea ser\u00e1 redirecionado para o site https:\/\/www.gov.br\/empresas-e-negocios\/pt-br Clique na Op\u00e7\u00e3o J\u00e1 Sou MEI Clique na op\u00e7\u00e3o \u201cDeclara\u00e7\u00e3o Anual de Faturamento\u201d DES\u00c7A A NOVA TELA E Clique na op\u00e7\u00e3o \u201cDeclara\u00e7\u00e3o Anual de Faturamento\u201d Informe seu CNPJ e Clique em Continuar Selecione o ano da Declara\u00e7\u00e3o e clique em continuar Informe o valor [&hellip;]<\/p>\n","protected":false},"author":1,"featured_media":0,"parent":0,"menu_order":0,"comment_status":"closed","ping_status":"closed","template":"","meta":{"footnotes":""},"class_list":["post-214","page","type-page","status-publish","hentry"],"_links":{"self":[{"href":"http:\/\/www.indaial.sc.gov.br\/empreendedor\/index.php\/wp-json\/wp\/v2\/pages\/214","targetHints":{"allow":["GET"]}}],"collection":[{"href":"http:\/\/www.indaial.sc.gov.br\/empreendedor\/index.php\/wp-json\/wp\/v2\/pages"}],"about":[{"href":"http:\/\/www.indaial.sc.gov.br\/empreendedor\/index.php\/wp-json\/wp\/v2\/types\/page"}],"author":[{"embeddable":true,"href":"http:\/\/www.indaial.sc.gov.br\/empreendedor\/index.php\/wp-json\/wp\/v2\/users\/1"}],"replies":[{"embeddable":true,"href":"http:\/\/www.indaial.sc.gov.br\/empreendedor\/index.php\/wp-json\/wp\/v2\/comments?post=214"}],"version-history":[{"count":6,"href":"http:\/\/www.indaial.sc.gov.br\/empreendedor\/index.php\/wp-json\/wp\/v2\/pages\/214\/revisions"}],"predecessor-version":[{"id":6204,"href":"http:\/\/www.indaial.sc.gov.br\/empreendedor\/index.php\/wp-json\/wp\/v2\/pages\/214\/revisions\/6204"}],"wp:attachment":[{"href":"http:\/\/www.indaial.sc.gov.br\/empreendedor\/index.php\/wp-json\/wp\/v2\/media?parent=214"}],"curies":[{"name":"wp","href":"https:\/\/api.w.org\/{rel}","templated":true}]}}