{"id":4565,"date":"2021-03-16T15:57:29","date_gmt":"2021-03-16T18:57:29","guid":{"rendered":"http:\/\/www.indaial.sc.gov.br\/empreendedor\/?page_id=4565"},"modified":"2022-03-08T14:01:38","modified_gmt":"2022-03-08T17:01:38","slug":"cadastro-municipal-de-mei-sem-contador","status":"publish","type":"page","link":"http:\/\/www.indaial.sc.gov.br\/empreendedor\/index.php\/cadastro-municipal-de-mei-sem-contador\/","title":{"rendered":"Cadastro\/Altera\u00e7\u00e3o municipal de MEI &#8211; sem Contador"},"content":{"rendered":"\n<p>Microempreendedor Individual, caso voc\u00ea tenha realizado a abertura ou altera\u00e7\u00e3o de seu MEI sem aux\u00edlio da Sala do Empreendedor ou de um contador e precisa realizar seu cadastro municipal ou atualiz\u00e1-lo para acesso ao sistema do munic\u00edpio, como por exemplo a emiss\u00e3o da Nota Fiscal de Servi\u00e7o Eletr\u00f4nica (NFS-e), siga os passos abaixo.<\/p>\n\n\n\n<p>Para utiliza\u00e7\u00e3o do servi\u00e7o ser\u00e1 necess\u00e1rio primeiro possuir o acesso ao Auto Atendimento do munic\u00edpio, veja como solicit\u00e1-lo clicando <a href=\"http:\/\/www.indaial.sc.gov.br\/empreendedor\/index.php\/solicitacao-de-acesso-demais-contribuintes\/\" target=\"_blank\" rel=\"noreferrer noopener\">aqui<\/a>. <strong>Importante<\/strong>, neste momento ao solicitar o acesso selecione apenas a op\u00e7\u00e3o \u201cServi\u00e7os do Portal do Cidad\u00e3o\u201d<\/p>\n\n\n\n<p>Informamos ainda que o cadastro pode ser efetuado diretamente na Sala do Empreendedor, sugerimos, sendo necess\u00e1rio o comparecimento presencial, que o empreendedor compare\u00e7a na Sala do Empreendedor acompanhando do CPF, Identidade, T\u00edtulo de Eleitor, recibo da \u00faltima declara\u00e7\u00e3o de IRPF(caso tenha efetuado) e sua senha do site <a href=\"http:\/\/www.gov.br\" target=\"_blank\" rel=\"noreferrer noopener\">Gov.br<\/a><\/p>\n\n\n\n<ul class=\"wp-block-list\"><li>Acesse o site <a href=\"http:\/\/www.indaial.sc.gov.br\/\">www.indaial.sc.gov.br<\/a> e fa\u00e7a seu login na op\u00e7\u00e3o Auto Atendimento<\/li><\/ul>\n\n\n\n<div class=\"wp-block-image\"><figure class=\"aligncenter size-large\"><img fetchpriority=\"high\" decoding=\"async\" width=\"700\" height=\"438\" src=\"http:\/\/www.indaial.sc.gov.br\/empreendedor\/wp-content\/uploads\/2021\/03\/image-7.png\" alt=\"\" class=\"wp-image-4566\" srcset=\"http:\/\/www.indaial.sc.gov.br\/empreendedor\/wp-content\/uploads\/2021\/03\/image-7.png 700w, http:\/\/www.indaial.sc.gov.br\/empreendedor\/wp-content\/uploads\/2021\/03\/image-7-300x188.png 300w\" sizes=\"(max-width: 700px) 100vw, 700px\" \/><\/figure><\/div>\n\n\n\n<ul class=\"wp-block-list\"><li>No menu esquerdo da tela do Auto Atendimento, em \u201cServi\u00e7os Destaque\u201d, clique na op\u00e7\u00e3o \u201cEmiss\u00e3o de Processo Digital &#8211; Sala do Empreendedor\u201d<\/li><\/ul>\n\n\n\n<div class=\"wp-block-image\"><figure class=\"aligncenter size-large\"><img decoding=\"async\" width=\"700\" height=\"438\" src=\"http:\/\/www.indaial.sc.gov.br\/empreendedor\/wp-content\/uploads\/2021\/03\/image-8.png\" alt=\"\" class=\"wp-image-4567\" srcset=\"http:\/\/www.indaial.sc.gov.br\/empreendedor\/wp-content\/uploads\/2021\/03\/image-8.png 700w, http:\/\/www.indaial.sc.gov.br\/empreendedor\/wp-content\/uploads\/2021\/03\/image-8-300x188.png 300w\" sizes=\"(max-width: 700px) 100vw, 700px\" \/><\/figure><\/div>\n\n\n\n<ul class=\"wp-block-list\"><li>Selecione o subassunto \u201cEmpresa MEI \u2013 Abertura sem contador\u201d<\/li><\/ul>\n\n\n\n<div class=\"wp-block-image\"><figure class=\"aligncenter size-large\"><img decoding=\"async\" width=\"700\" height=\"438\" src=\"http:\/\/www.indaial.sc.gov.br\/empreendedor\/wp-content\/uploads\/2021\/03\/image-9.png\" alt=\"\" class=\"wp-image-4568\" srcset=\"http:\/\/www.indaial.sc.gov.br\/empreendedor\/wp-content\/uploads\/2021\/03\/image-9.png 700w, http:\/\/www.indaial.sc.gov.br\/empreendedor\/wp-content\/uploads\/2021\/03\/image-9-300x188.png 300w\" sizes=\"(max-width: 700px) 100vw, 700px\" \/><\/figure><\/div>\n\n\n\n<ul class=\"wp-block-list\"><li>Envie uma imagem dos documentos solicitados, quais sejam Comprovante (CCMEI) &#8211; Certificado de MEI, CNPJ e CARTEIRA DE IDENTIDADE, podendo esta \u00faltima ser substitu\u00edda por um documento com foto como a CNH, e, por fim, clique em \u201cConfirmar\u201d.<\/li><\/ul>\n\n\n\n<div class=\"wp-block-image\"><figure class=\"aligncenter size-large\"><img loading=\"lazy\" decoding=\"async\" width=\"700\" height=\"438\" src=\"http:\/\/www.indaial.sc.gov.br\/empreendedor\/wp-content\/uploads\/2021\/03\/image-10.png\" alt=\"\" class=\"wp-image-4569\" srcset=\"http:\/\/www.indaial.sc.gov.br\/empreendedor\/wp-content\/uploads\/2021\/03\/image-10.png 700w, http:\/\/www.indaial.sc.gov.br\/empreendedor\/wp-content\/uploads\/2021\/03\/image-10-300x188.png 300w\" sizes=\"(max-width: 700px) 100vw, 700px\" \/><\/figure><\/div>\n\n\n\n<p>Neste momento seu pedido ser\u00e1 enviado para an\u00e1lise da Sala do Empreendedor, processo esse que costuma levar at\u00e9 2 dias \u00fateis, e voc\u00ea pode acompanhar o resultado de seu pedido na op\u00e7\u00e3o \u201cConsulta de Processo Digital\u201d, veja clicando <a rel=\"noreferrer noopener\" href=\"http:\/\/www.indaial.sc.gov.br\/empreendedor\/index.php\/como-consultar-os-protocolos-gerados-no-processo-digital\/\" target=\"_blank\">aqui<\/a>.<\/p>\n\n\n\n<p>Ap\u00f3s seu pedido ser aprovado e sua empresa devidamente cadastrada voc\u00ea poder\u00e1 solicitar o acesso para emiss\u00e3o da NFS-e, veja como clicando <a href=\"http:\/\/www.indaial.sc.gov.br\/empreendedor\/index.php\/solicitacao-de-acesso-demais-contribuintes\/\">aqui<\/a><\/p>\n\n\n\n<p>Caso tenha alguma d\u00favida de como emitir a NFS-e confira nosso passo a passo clicando <a href=\"http:\/\/www.indaial.sc.gov.br\/empreendedor\/index.php\/como-emitir-nfs-e-pessoas-juridicas\/\" target=\"_blank\" rel=\"noreferrer noopener\">aqui<\/a><\/p>\n","protected":false},"excerpt":{"rendered":"<p>Microempreendedor Individual, caso voc\u00ea tenha realizado a abertura ou altera\u00e7\u00e3o de seu MEI sem aux\u00edlio da Sala do Empreendedor ou de um contador e precisa realizar seu cadastro municipal ou atualiz\u00e1-lo para acesso ao sistema do munic\u00edpio, como por exemplo a emiss\u00e3o da Nota Fiscal de Servi\u00e7o Eletr\u00f4nica (NFS-e), siga os passos abaixo. Para utiliza\u00e7\u00e3o [&hellip;]<\/p>\n","protected":false},"author":1,"featured_media":0,"parent":0,"menu_order":0,"comment_status":"closed","ping_status":"closed","template":"","meta":{"footnotes":""},"class_list":["post-4565","page","type-page","status-publish","hentry"],"_links":{"self":[{"href":"http:\/\/www.indaial.sc.gov.br\/empreendedor\/index.php\/wp-json\/wp\/v2\/pages\/4565","targetHints":{"allow":["GET"]}}],"collection":[{"href":"http:\/\/www.indaial.sc.gov.br\/empreendedor\/index.php\/wp-json\/wp\/v2\/pages"}],"about":[{"href":"http:\/\/www.indaial.sc.gov.br\/empreendedor\/index.php\/wp-json\/wp\/v2\/types\/page"}],"author":[{"embeddable":true,"href":"http:\/\/www.indaial.sc.gov.br\/empreendedor\/index.php\/wp-json\/wp\/v2\/users\/1"}],"replies":[{"embeddable":true,"href":"http:\/\/www.indaial.sc.gov.br\/empreendedor\/index.php\/wp-json\/wp\/v2\/comments?post=4565"}],"version-history":[{"count":6,"href":"http:\/\/www.indaial.sc.gov.br\/empreendedor\/index.php\/wp-json\/wp\/v2\/pages\/4565\/revisions"}],"predecessor-version":[{"id":6329,"href":"http:\/\/www.indaial.sc.gov.br\/empreendedor\/index.php\/wp-json\/wp\/v2\/pages\/4565\/revisions\/6329"}],"wp:attachment":[{"href":"http:\/\/www.indaial.sc.gov.br\/empreendedor\/index.php\/wp-json\/wp\/v2\/media?parent=4565"}],"curies":[{"name":"wp","href":"https:\/\/api.w.org\/{rel}","templated":true}]}}