{"id":4707,"date":"2021-04-01T16:40:09","date_gmt":"2021-04-01T19:40:09","guid":{"rendered":"http:\/\/www.indaial.sc.gov.br\/empreendedor\/?page_id=4707"},"modified":"2021-04-30T15:42:30","modified_gmt":"2021-04-30T18:42:30","slug":"licitacoes-documentos","status":"publish","type":"page","link":"http:\/\/www.indaial.sc.gov.br\/empreendedor\/index.php\/licitacoes-documentos\/","title":{"rendered":"Licita\u00e7\u00f5es &#8211; Documentos"},"content":{"rendered":"\n<p>Separamos para voc\u00ea contribuinte uma lista com os documentos que costumam ser exigidos nas licita\u00e7\u00f5es do munic\u00edpio de Indaial, destacamos entretando que \u00e9 importante confirmar no edital da licita\u00e7\u00e3o em que sua empresa pretente participar quais s\u00e3o os documentos necess\u00e1rios, podendo estes variar de uma licita\u00e7\u00e3o para outra.<\/p>\n\n\n\n<p>Sugerimos ainda a leitura na cartilha que elaboramos com as princpais informa\u00e7\u00f5es a respeito de licita\u00e7\u00f5es, para acess\u00e1-la clique <a href=\"http:\/\/www.indaial.sc.gov.br\/empreendedor\/index.php\/como-participar-de-licitacoes\/\" data-type=\"page\" data-id=\"2908\" target=\"_blank\" rel=\"noreferrer noopener\">aqui<\/a>.<\/p>\n\n\n\n<p>OBS.: Informamos que as imagens abaixo s\u00e3o meramente ilustrativas e podem variar devido a mudan\u00e7as dos \u00f3rg\u00e3os emissores ou de acordo com o porte da empresa, bem como podem ocorrer mudan\u00e7as link\u00b4s para emiss\u00e3o dos documentos, j\u00e1 que estes s\u00e3o mantidos por cada \u00f3rg\u00e3o emissor.<\/p>\n\n\n\n<h2 class=\"has-text-align-center wp-block-heading\">Cart\u00e3o de CNPJ <\/h2>\n\n\n\n<ul class=\"wp-block-list\"><li><a rel=\"noreferrer noopener\" href=\"http:\/\/servicos.receita.fazenda.gov.br\/Servicos\/cnpjreva\/Cnpjreva_Solicitacao.asp?cnpj=\" target=\"_blank\">http:\/\/servicos.receita.fazenda.gov.br\/Servicos\/cnpjreva\/Cnpjreva_Solicitacao.asp?cnpj=<\/a><\/li><\/ul>\n\n\n\n<div class=\"wp-block-image\"><figure class=\"aligncenter\"><img decoding=\"async\" src=\"https:\/\/lh3.googleusercontent.com\/LAD2LJSg7o-S70Tx7bKV9tBK0jYyTFi615GFidfHzjeWHSMMQIpljEpkbniJ06MKHVNyydN-XgIgGwgoV0aeZKWg9vuBta9hAO4deLcxlCGLA-qHxyZxdb0VSkXd7VHQbYWri2q3\" alt=\"\"\/><\/figure><\/div>\n\n\n\n<h2 class=\"has-text-align-center wp-block-heading\">Contrato Social, Ato Constutivo, Estatuto (Empresas ME, EPP e demais portes)<\/h2>\n\n\n\n<ul class=\"wp-block-list\"><li>Solicitar no contador n\u00e3o \u00e9 necess\u00e1rio autentica\u00e7\u00e3o<\/li><\/ul>\n\n\n\n<p class=\"has-text-align-center\"><img fetchpriority=\"high\" decoding=\"async\" width=\"545\" height=\"770\" src=\"https:\/\/lh3.googleusercontent.com\/S7pKSAZBEHjMcpoqkSnv85DgJJ2pu0HSRt3Xi4nmo8Wwu8iVRTIjrHTFSC2pZvQ0Dwt_onzmGORD7UPZDCnYhK_onoTw_SL15dA_f4yvgAOnjjQ945BmS6FzfVwsV_qHYxqdm9cC\"><\/p>\n\n\n\n<p><\/p>\n\n\n\n<h2 class=\"has-text-align-center wp-block-heading\">Certificado da Condi\u00e7\u00e3o de Microempreendedor Individual (Empresa MEI) <\/h2>\n\n\n\n<ul class=\"wp-block-list\"><li><a rel=\"noreferrer noopener\" href=\"http:\/\/www22.receita.fazenda.gov.br\/inscricaomei\/private\/pages\/certificado_acesso.jsf\" target=\"_blank\">http:\/\/www22.receita.fazenda.gov.br\/inscricaomei\/private\/pages\/certificado_acesso.jsf<\/a><\/li><\/ul>\n\n\n\n<p class=\"has-text-align-center\"><img decoding=\"async\" width=\"519\" height=\"735\" src=\"https:\/\/lh6.googleusercontent.com\/dBA7NFXdL_aRl3oMpJVNhKzLXRHS4MfwU6Ha7GpS0x98QIdS0k4vU5c04j7M1m_Bs2dC6vuhMatNEQ-nnfXujFf-NkbXaWx2DzfD21DbG57CIwUmUf65YMsUwBp_dt0gdjN-kmA8\"><\/p>\n\n\n\n<h2 class=\"has-text-align-center wp-block-heading\">Certid\u00e3o Simplificada <\/h2>\n\n\n\n<ul class=\"wp-block-list\"><li>Solicitado na Junta Comercial<\/li><\/ul>\n\n\n\n<p class=\"has-text-align-center\"><img decoding=\"async\" width=\"544\" height=\"771\" src=\"https:\/\/lh4.googleusercontent.com\/nhJXR5wJ1SxK-bRN2Nkat9B3yLip92vSI4SYzlbJEE_2A8tlTb56d0kYqzOiRQ_Dlu9rqlgJUZLPMhgVzWD6EnuO1Q3AShAlWBIKYOpwL6dYhB7_FM0tst7rHP_cehjHD7T6nnOR\"><\/p>\n\n\n\n<h2 class=\"has-text-align-center wp-block-heading\">Certid\u00e3o de Fal\u00eancia e Concordata<\/h2>\n\n\n\n<ul class=\"wp-block-list\"><li>Solicitado no contador +EPROC &#8211; <\/li><li><a rel=\"noreferrer noopener\" href=\"https:\/\/esaj.tjsc.jus.br\/sco\/abrirCadastro.do\" target=\"_blank\">https:\/\/esaj.tjsc.jus.br\/sco\/abrirCadastro.do<\/a><\/li><li><a href=\"https:\/\/certeproc1g.tjsc.jus.br\/\">https:\/\/certeproc1g.tjsc.jus.br\/<\/a><\/li><\/ul>\n\n\n\n<p class=\"has-text-align-center\"><img loading=\"lazy\" decoding=\"async\" width=\"548\" height=\"774\" src=\"https:\/\/lh4.googleusercontent.com\/VcPCKDXDD697eKgWB6kMGLtrYAgZUIdsPZA50gLrWD19uxnzIaaTce7vI2kj_sD6UDI4ACTlRUfYEjz-fIW0KbRz3BsuO4hDz-l2N75LsBU3zwpXoaK_WEL3zVaVW-o1clO7CZBE\"><\/p>\n\n\n\n<p><\/p>\n\n\n\n<div class=\"wp-block-image\"><figure class=\"aligncenter size-large is-resized\"><img loading=\"lazy\" decoding=\"async\" src=\"http:\/\/www.indaial.sc.gov.br\/empreendedor\/wp-content\/uploads\/2021\/04\/Documentos-Licitacoes-12-724x1024.png\" alt=\"\" class=\"wp-image-4739\" width=\"567\" height=\"802\" srcset=\"http:\/\/www.indaial.sc.gov.br\/empreendedor\/wp-content\/uploads\/2021\/04\/Documentos-Licitacoes-12-724x1024.png 724w, http:\/\/www.indaial.sc.gov.br\/empreendedor\/wp-content\/uploads\/2021\/04\/Documentos-Licitacoes-12-212x300.png 212w, http:\/\/www.indaial.sc.gov.br\/empreendedor\/wp-content\/uploads\/2021\/04\/Documentos-Licitacoes-12-768x1086.png 768w, http:\/\/www.indaial.sc.gov.br\/empreendedor\/wp-content\/uploads\/2021\/04\/Documentos-Licitacoes-12-1086x1536.png 1086w, http:\/\/www.indaial.sc.gov.br\/empreendedor\/wp-content\/uploads\/2021\/04\/Documentos-Licitacoes-12.png 1414w\" sizes=\"(max-width: 567px) 100vw, 567px\" \/><\/figure><\/div>\n\n\n\n<h2 class=\"has-text-align-center wp-block-heading\">Atestado de Capacidade T\u00e9cnica<\/h2>\n\n\n\n<ul class=\"wp-block-list\"><li>Emitida pelo Contribuinte<\/li><\/ul>\n\n\n\n<p class=\"has-text-align-center\"><img decoding=\"async\" width=\"581\" height=\"818.6138211382114\" src=\"https:\/\/lh3.googleusercontent.com\/XMX85sD9cFaIYO234BAj--BrfHbR4LONRpntOzvFpOTEwLIwDuHgEdCkWyeZ49mJrf2HLL5LP90Tv7jk8Oul5qGaZv2jYsruxSp6AdYFqXEvtXia8y-dL2Alq8AR18Qb6yWuX8jQ\"><\/p>\n\n\n\n<h2 class=\"has-text-align-center wp-block-heading\">Laudo T\u00e9cnicos e Certificados<\/h2>\n\n\n\n<ul class=\"wp-block-list\"><li>Recursos Humanos<\/li><\/ul>\n\n\n\n<p class=\"has-text-align-center\"><img loading=\"lazy\" decoding=\"async\" width=\"552\" height=\"782\" src=\"https:\/\/lh5.googleusercontent.com\/egepKI4TcTSnuQp5_Zh0Klx5BnzRuyf4KxS8NVwrhbGJ6kgr8kuz0XdhYhl-uDUeabMz-VifJU2sw-8hVb5k5E_XV_oJaZAu4asAx34ymZuTeHn1FUkV4quwwx3oVyPpESgkUsk-\"><\/p>\n\n\n\n<h2 class=\"has-text-align-center wp-block-heading\">Certid\u00e3o Negativa de D\u00e9bitos Federais<\/h2>\n\n\n\n<ul class=\"wp-block-list\"><li><a rel=\"noreferrer noopener\" href=\"http:\/\/servicos.receita.fazenda.gov.br\/Servicos\/certidao\/CndConjuntaInter\/InformaNICertidao.asp?Tipo=1\" target=\"_blank\">http:\/\/servicos.receita.fazenda.gov.br\/Servicos\/certidao\/CndConjuntaInter\/InformaNICertidao.asp?Tipo=1<\/a><\/li><\/ul>\n\n\n\n<p class=\"has-text-align-center\"><img loading=\"lazy\" decoding=\"async\" width=\"587\" height=\"833\" src=\"https:\/\/lh6.googleusercontent.com\/bXtk4Ez_vmZYya9iLmRf3US5ZTfVO1lL1vUDgby2OS_U1v0qWEtvQHo3QlFPrr_5UFlvqJnhmxaZqXQX8wUdHc1cb8lF73DPcrIe6Q4AYPLxF8PB0yoRGXj0AXRp7LAKF32ZZ5jH\"><\/p>\n\n\n\n<h2 class=\"has-text-align-center wp-block-heading\">Certid\u00e3o Negativa de D\u00e9bitos Estaduais<\/h2>\n\n\n\n<ul class=\"wp-block-list\"><li><a href=\"https:\/\/tributario.sef.sc.gov.br\/tax.NET\/Sat.CtaCte.Web\/SolicitacaoCnd.aspx\" target=\"_blank\" rel=\"noreferrer noopener\">https:\/\/tributario.sef.sc.gov.br\/tax.NET\/Sat.CtaCte.Web\/SolicitacaoCnd.aspx<\/a><\/li><\/ul>\n\n\n\n<p class=\"has-text-align-center\"><img loading=\"lazy\" decoding=\"async\" width=\"587\" height=\"833\" src=\"https:\/\/lh3.googleusercontent.com\/LVk-6byvuI0PcOCKy3-9snjgbYJ8BUefj1lYJMNTXO-ncHBK2z8BL5g7AWqpnVf3pwsv4OccXXApLf-Whchrg6jlI3_CElaH_BXmuLQqz59zvZLzpQWd950iiAQPiA-eiOXYpltO\"><\/p>\n\n\n\n<h2 class=\"has-text-align-center wp-block-heading\">Certid\u00e3o Negativa de D\u00e9bitos Municipais (Verificar no munic\u00edpio da Empresa)<\/h2>\n\n\n\n<ul class=\"wp-block-list\"><li><a href=\"https:\/\/indaial.atende.net\/?pg=autoatendimento#!\/tipo\/servico\/valor\/36\/padrao\/1\/load\/1\" target=\"_blank\" rel=\"noreferrer noopener\">https:\/\/indaial.atende.net\/?pg=autoatendimento#!\/tipo\/servico\/valor\/36\/padrao\/1\/load\/1<\/a><\/li><\/ul>\n\n\n\n<p class=\"has-text-align-center\"><img loading=\"lazy\" decoding=\"async\" width=\"527\" height=\"747\" src=\"https:\/\/lh5.googleusercontent.com\/jl3ZFUnWMXZ8Nie4rkAqanJwBCDxwfGytGlxMWPLBUfwPPF2fmGQ_kqwF4AlwK9NrVWNde8T23yEpp-L1CA0r1oyCcyKCn7astpmnnyA7BskyTMIAURcwqqeME6UhwfI2k8aXXBr\"><\/p>\n\n\n\n<h2 class=\"has-text-align-center wp-block-heading\">Certid\u00e3o Negativa de FGTS <\/h2>\n\n\n\n<ul class=\"wp-block-list\"><li><a href=\"https:\/\/consulta-crf.caixa.gov.br\/consultacrf\/pages\/consultaEmpregador.jsf\" target=\"_blank\" rel=\"noreferrer noopener\">https:\/\/consulta-crf.caixa.gov.br\/<\/a><\/li><\/ul>\n\n\n\n<p class=\"has-text-align-center\"><a href=\"https:\/\/consulta-crf.caixa.gov.br\/consultacrf\/pages\/consultaEmpregador.jsf\"><img decoding=\"async\" width=\"518\" height=\"732.8999838313412\" src=\"https:\/\/lh5.googleusercontent.com\/7jAwQG4q1fp7zzZo0WdydReiackD6OOXDfEMOqIeifE1YyufaDEr1YeX2ZhOiDeNHhSH7BuFMIq4EaEuDLUiHy_P_bxmJ-ExONmO3ZMziVlhGP3yIp4YN289oIrrp5deF_l9yB1L\"><\/a><\/p>\n\n\n\n<h2 class=\"has-text-align-center wp-block-heading\">Certid\u00e3o Negativa de D\u00e9bitos Trabalhistas<\/h2>\n\n\n\n<ul class=\"wp-block-list\"><li><a href=\"http:\/\/www.tst.jus.br\/certidao\" target=\"_blank\" rel=\"noreferrer noopener\">http:\/\/www.tst.jus.br\/certidao<\/a><\/li><\/ul>\n\n\n\n<p class=\"has-text-align-center\"><img loading=\"lazy\" decoding=\"async\" width=\"463\" height=\"656\" src=\"https:\/\/lh6.googleusercontent.com\/qBpzeqrvcnzoZewhbjseSdyY4G0Kchv7TVrjh2GN6NJqE9bozeZpSbEepPUGGNN6j5X3kzlDxczsVC7xat9j8yWuOK1b9z6XGNB9xju7ViJMCnU5i0yuynaMp2CxgMu_ciaTWBXJ\"><\/p>\n\n\n\n<h2 class=\"has-text-align-center wp-block-heading\">Balan\u00e7o Patrimonial (VEDADO BALANCETES)<\/h2>\n\n\n\n<ul class=\"wp-block-list\"><li>Solicitado no contador<\/li><\/ul>\n\n\n\n<p class=\"has-text-align-center\"><img loading=\"lazy\" decoding=\"async\" src=\"https:\/\/lh4.googleusercontent.com\/TMFAPlcuQFXv0XVsdsB0Ai1PpJKd4aQ0TFHpTPKL3N_uTMN_PS1OGOm-MLIx1Erdka-rXWTkHp4gYaR1N3JxsFoU_filQAdW4RvD-RGmZsr0px7wQXYsuvnG-uh_5vce3Tc_3iUN\" width=\"415\" height=\"589\"><\/p>\n\n\n\n<h2 class=\"has-text-align-center wp-block-heading\">Comprovante de Cadastro Municipal<\/h2>\n\n\n\n<ul class=\"wp-block-list\"><li>Poder\u00e1 ser apresentando o Alvar\u00e1 de Funcionamento ou Comprovante de Inscri\u00e7\u00e3o emitido pela prefeitura da sede do contribuinte<\/li><li>Emiss\u00e3o de Alvar\u00e1 em Indaial: <a href=\"https:\/\/indaial.atende.net\/?pg=autoatendimento#!\/tipo\/servico\/valor\/37\/padrao\/1\/load\/1\" target=\"_blank\" rel=\"noreferrer noopener\">https:\/\/indaial.atende.net\/?pg=autoatendimento#!\/tipo\/servico\/valor\/37\/padrao\/1\/load\/1<\/a><\/li><li>Emiss\u00e3o de Comprovante de Cadastro no Munic\u00edpio: <a href=\"https:\/\/indaial.atende.net\/?pg=autoatendimento#!\/tipo\/servico\/valor\/109\/padrao\/1\/load\/1\" target=\"_blank\" rel=\"noreferrer noopener\">https:\/\/indaial.atende.net\/?pg=autoatendimento#!\/tipo\/servico\/valor\/109\/padrao\/1\/load\/1<\/a><\/li><\/ul>\n\n\n\n<div class=\"wp-block-image\"><figure class=\"aligncenter size-large is-resized\"><img loading=\"lazy\" decoding=\"async\" src=\"http:\/\/www.indaial.sc.gov.br\/empreendedor\/wp-content\/uploads\/2021\/04\/14-724x1024.png\" alt=\"\" class=\"wp-image-4733\" width=\"448\" height=\"634\" srcset=\"http:\/\/www.indaial.sc.gov.br\/empreendedor\/wp-content\/uploads\/2021\/04\/14-724x1024.png 724w, http:\/\/www.indaial.sc.gov.br\/empreendedor\/wp-content\/uploads\/2021\/04\/14-212x300.png 212w, http:\/\/www.indaial.sc.gov.br\/empreendedor\/wp-content\/uploads\/2021\/04\/14-768x1086.png 768w, http:\/\/www.indaial.sc.gov.br\/empreendedor\/wp-content\/uploads\/2021\/04\/14-1086x1536.png 1086w, http:\/\/www.indaial.sc.gov.br\/empreendedor\/wp-content\/uploads\/2021\/04\/14.png 1414w\" sizes=\"(max-width: 448px) 100vw, 448px\" \/><\/figure><\/div>\n\n\n\n<div class=\"wp-block-image\"><figure class=\"aligncenter size-large is-resized\"><img loading=\"lazy\" decoding=\"async\" src=\"http:\/\/www.indaial.sc.gov.br\/empreendedor\/wp-content\/uploads\/2021\/04\/13-724x1024.png\" alt=\"\" class=\"wp-image-4734\" width=\"452\" height=\"637\"\/><\/figure><\/div>\n","protected":false},"excerpt":{"rendered":"<p>Separamos para voc\u00ea contribuinte uma lista com os documentos que costumam ser exigidos nas licita\u00e7\u00f5es do munic\u00edpio de Indaial, destacamos entretando que \u00e9 importante confirmar no edital da licita\u00e7\u00e3o em que sua empresa pretente participar quais s\u00e3o os documentos necess\u00e1rios, podendo estes variar de uma licita\u00e7\u00e3o para outra. Sugerimos ainda a leitura na cartilha que [&hellip;]<\/p>\n","protected":false},"author":1,"featured_media":0,"parent":0,"menu_order":0,"comment_status":"closed","ping_status":"closed","template":"","meta":{"footnotes":""},"class_list":["post-4707","page","type-page","status-publish","hentry"],"_links":{"self":[{"href":"http:\/\/www.indaial.sc.gov.br\/empreendedor\/index.php\/wp-json\/wp\/v2\/pages\/4707","targetHints":{"allow":["GET"]}}],"collection":[{"href":"http:\/\/www.indaial.sc.gov.br\/empreendedor\/index.php\/wp-json\/wp\/v2\/pages"}],"about":[{"href":"http:\/\/www.indaial.sc.gov.br\/empreendedor\/index.php\/wp-json\/wp\/v2\/types\/page"}],"author":[{"embeddable":true,"href":"http:\/\/www.indaial.sc.gov.br\/empreendedor\/index.php\/wp-json\/wp\/v2\/users\/1"}],"replies":[{"embeddable":true,"href":"http:\/\/www.indaial.sc.gov.br\/empreendedor\/index.php\/wp-json\/wp\/v2\/comments?post=4707"}],"version-history":[{"count":9,"href":"http:\/\/www.indaial.sc.gov.br\/empreendedor\/index.php\/wp-json\/wp\/v2\/pages\/4707\/revisions"}],"predecessor-version":[{"id":4740,"href":"http:\/\/www.indaial.sc.gov.br\/empreendedor\/index.php\/wp-json\/wp\/v2\/pages\/4707\/revisions\/4740"}],"wp:attachment":[{"href":"http:\/\/www.indaial.sc.gov.br\/empreendedor\/index.php\/wp-json\/wp\/v2\/media?parent=4707"}],"curies":[{"name":"wp","href":"https:\/\/api.w.org\/{rel}","templated":true}]}}