{"id":5115,"date":"2021-05-21T08:37:40","date_gmt":"2021-05-21T11:37:40","guid":{"rendered":"http:\/\/www.indaial.sc.gov.br\/empreendedor\/?page_id=5115"},"modified":"2021-09-13T09:30:13","modified_gmt":"2021-09-13T12:30:13","slug":"informacoes-meio-ambiente","status":"publish","type":"page","link":"http:\/\/www.indaial.sc.gov.br\/empreendedor\/index.php\/informacoes-meio-ambiente\/","title":{"rendered":"Informa\u00e7\u00f5es do Setor de Meio Ambiente"},"content":{"rendered":"\n<p class=\"has-text-align-left\">O licenciamento ambiental \u00e9 procedimento administrativo pelo qual o \u00f3rg\u00e3o ambiental competente licencia a localiza\u00e7\u00e3o, instala\u00e7\u00e3o, amplia\u00e7\u00e3o e a opera\u00e7\u00e3o de empreendimentos e atividades utilizadoras de recursos ambientais, consideradas efetiva ou potencialmente poluidoras ou daquelas que, sob qualquer forma, possam causar degrada\u00e7\u00e3o ambiental, considerando as disposi\u00e7\u00f5es legais e regulamentares e as normas t\u00e9cnicas aplic\u00e1veis ao caso.<\/p>\n\n\n\n<p class=\"has-text-align-left\">O Munic\u00edpio de Indaial \u00e9 o respons\u00e1vel legal pelo licenciamento das atividades que causem ou possam causar impacto ambiental de \u00e2mbito local, conforme tipologia definida pela Resolu\u00e7\u00e3o CONSEMA 99\/2017, considerados os crit\u00e9rios de porte, potencial poluidor e natureza da atividade. O licenciamento realizado pelo Munic\u00edpio de Indaial prev\u00ea modalidade trif\u00e1sica, mediante emiss\u00e3o de Licen\u00e7a Ambiental Pr\u00e9via (LAP), Licen\u00e7a Ambiental de Instala\u00e7\u00e3o (LAI) e Licen\u00e7a Ambiental de Opera\u00e7\u00e3o (LAO) ou modalidade unificada, mediante emiss\u00e3o de Autoriza\u00e7\u00e3o Ambiental (AuA). O licenciamento ambiental municipal \u00e9 realizado mediante parceria t\u00e9cnica e jur\u00eddica com o Cons\u00f3rcio Intermunicipal do M\u00e9dio Vale do Itaja\u00ed \u2013 CIMVI.<\/p>\n\n\n\n<p class=\"has-text-align-left\">Em caso de d\u00favidas entrar em contato com o CIMVI atrav\u00e9s do telefone: <strong>(47) 3380-1345<\/strong> ou e-mail: <strong>contatoamb@cimvi.sc.gov.br<\/strong><\/p>\n\n\n\n<div style=\"height:100px\" aria-hidden=\"true\" class=\"wp-block-spacer\"><\/div>\n\n\n\n<h2 class=\"has-text-align-center wp-block-heading\">LISTAGEM DE ATIVIDADES LICENCI\u00c1VEIS<\/h2>\n\n\n\n<div class=\"wp-block-media-text alignwide is-stacked-on-mobile\"><figure class=\"wp-block-media-text__media\"><img fetchpriority=\"high\" decoding=\"async\" width=\"376\" height=\"248\" src=\"http:\/\/www.indaial.sc.gov.br\/empreendedor\/wp-content\/uploads\/2021\/05\/Capturar.png\" alt=\"\" class=\"wp-image-5118 size-full\" srcset=\"http:\/\/www.indaial.sc.gov.br\/empreendedor\/wp-content\/uploads\/2021\/05\/Capturar.png 376w, http:\/\/www.indaial.sc.gov.br\/empreendedor\/wp-content\/uploads\/2021\/05\/Capturar-300x198.png 300w\" sizes=\"(max-width: 376px) 100vw, 376px\" \/><\/figure><div class=\"wp-block-media-text__content\">\n<p>Resolu\u00e7\u00e3o consema 99\/2017 \u2013 disp\u00f5e sobra a listagem das atividades ou empreendimentos que causem ou possam causar impacto ambiental de \u00e2mbito local, sujeitas ao licenciamento ambiental municipal<\/p>\n\n\n\n<div class=\"wp-block-buttons is-content-justification-center is-layout-flex wp-block-buttons-is-layout-flex\">\n<div class=\"wp-block-button\"><a class=\"wp-block-button__link has-text-color has-background\" href=\"https:\/\/www.sde.sc.gov.br\/index.php\/biblioteca\/consema\/legislacao\/resolucoes\/655--25\/file\" style=\"border-radius:2px;background-color:#ba0c49;color:#fffffa\" target=\"_blank\" rel=\"noreferrer noopener\">Lista De Atividades<\/a><\/div>\n<\/div>\n<\/div><\/div>\n\n\n\n<div style=\"height:100px\" aria-hidden=\"true\" class=\"wp-block-spacer\"><\/div>\n\n\n\n<h2 class=\"has-text-align-center wp-block-heading\">PRINCIPAIS INFORMA\u00c7\u00d5ES E EXIG\u00caNCIAS DO SETOR DE MEIO AMBIENTE PARA EMPREENDER NA CIDADE DE INDAIAL<\/h2>\n\n\n\n<p class=\"has-text-align-center\"><em>ORIENTA\u00c7\u00d5ES PARA ABERTURA DE EMPRESAS SETOR MEIO AMBIENTE<\/em><\/p>\n\n\n\n<div style=\"height:30px\" aria-hidden=\"true\" class=\"wp-block-spacer\"><\/div>\n\n\n\n<div class=\"wp-block-group alignwide\"><div class=\"wp-block-group__inner-container is-layout-flow wp-block-group-is-layout-flow\">\n<div class=\"wp-block-columns alignwide is-layout-flex wp-container-core-columns-is-layout-9d6595d7 wp-block-columns-is-layout-flex\">\n<div class=\"wp-block-column is-layout-flow wp-block-column-is-layout-flow\">\n<div class=\"wp-block-image\"><figure class=\"aligncenter size-full\"><img decoding=\"async\" width=\"128\" height=\"128\" src=\"http:\/\/www.indaial.sc.gov.br\/empreendedor\/wp-content\/uploads\/2021\/08\/352495_car_local_wash_icon.png\" alt=\"\" class=\"wp-image-5668\"\/><\/figure><\/div>\n\n\n\n<p class=\"has-text-align-center\">LAVA\u00c7\u00c3O DE VE\u00cdCULOS<\/p>\n\n\n\n<div class=\"wp-block-buttons is-content-justification-center is-layout-flex wp-block-buttons-is-layout-flex\">\n<div class=\"wp-block-button is-style-outline is-style-outline--1\"><a class=\"wp-block-button__link has-colibri-color-5-color has-colibri-color-6-background-color has-text-color has-background\" href=\"http:\/\/www.indaial.sc.gov.br\/empreendedor\/index.php\/atividade-de-lavacao-veicular\/\" style=\"border-radius:50px\" target=\"_blank\" rel=\"noreferrer noopener\">Clique Aqui<\/a><\/div>\n<\/div>\n<\/div>\n\n\n\n<div class=\"wp-block-column is-layout-flow wp-block-column-is-layout-flow\">\n<div class=\"wp-block-image\"><figure class=\"aligncenter size-full\"><img decoding=\"async\" width=\"128\" height=\"128\" src=\"http:\/\/www.indaial.sc.gov.br\/empreendedor\/wp-content\/uploads\/2021\/08\/6875984_auto_car_repair_service_icon.png\" alt=\"\" class=\"wp-image-5669\"\/><\/figure><\/div>\n\n\n\n<p class=\"has-text-align-center\">ATIVIDADES DE MANUTEN\u00c7\u00c3O VEICULAR (OFICINAS MEC\u00c2NICAS)<\/p>\n\n\n\n<div class=\"wp-block-buttons is-content-justification-center is-layout-flex wp-block-buttons-is-layout-flex\">\n<div class=\"wp-block-button is-style-outline is-style-outline--2\"><a class=\"wp-block-button__link has-colibri-color-5-color has-colibri-color-6-background-color has-text-color has-background\" href=\"http:\/\/www.indaial.sc.gov.br\/empreendedor\/index.php\/atividades-de-manutencao-veicular-oficinas-mecanicas\/\" style=\"border-radius:50px\" target=\"_blank\" rel=\"noreferrer noopener\">Clique Aqui<\/a><\/div>\n<\/div>\n<\/div>\n\n\n\n<div class=\"wp-block-column is-layout-flow wp-block-column-is-layout-flow\">\n<div class=\"wp-block-image\"><figure class=\"aligncenter size-full\"><img loading=\"lazy\" decoding=\"async\" width=\"128\" height=\"128\" src=\"http:\/\/www.indaial.sc.gov.br\/empreendedor\/wp-content\/uploads\/2021\/08\/6883283_car-paint_coating_spray-paint_icon.png\" alt=\"\" class=\"wp-image-5670\"\/><\/figure><\/div>\n\n\n\n<p class=\"has-text-align-center\">ATIVIDADE DE LANTERNAGEM, FUNILARIA E PINTURA<\/p>\n\n\n\n<div class=\"wp-block-buttons is-content-justification-center is-layout-flex wp-block-buttons-is-layout-flex\">\n<div class=\"wp-block-button is-style-outline is-style-outline--3\"><a class=\"wp-block-button__link has-colibri-color-5-color has-colibri-color-6-background-color has-text-color has-background\" href=\"http:\/\/www.indaial.sc.gov.br\/empreendedor\/index.php\/atividade-de-lanternagem-funilaria-e-pintura\/\" style=\"border-radius:50px\" target=\"_blank\" rel=\"noreferrer noopener\">Clique Aqui<\/a><\/div>\n<\/div>\n<\/div>\n<\/div>\n<\/div><\/div>\n\n\n\n<div style=\"height:20px\" aria-hidden=\"true\" class=\"wp-block-spacer\"><\/div>\n\n\n\n<div class=\"wp-block-group alignwide\"><div class=\"wp-block-group__inner-container is-layout-flow wp-block-group-is-layout-flow\">\n<div class=\"wp-block-columns alignwide is-layout-flex wp-container-core-columns-is-layout-9d6595d7 wp-block-columns-is-layout-flex\">\n<div class=\"wp-block-column is-layout-flow wp-block-column-is-layout-flow\">\n<div class=\"wp-block-image\"><figure class=\"aligncenter size-full\"><img loading=\"lazy\" decoding=\"async\" width=\"128\" height=\"128\" src=\"http:\/\/www.indaial.sc.gov.br\/empreendedor\/wp-content\/uploads\/2021\/08\/4843037_clothes_shirt_sport_trickot_tshirt_icon.png\" alt=\"\" class=\"wp-image-5671\"\/><\/figure><\/div>\n\n\n\n<p class=\"has-text-align-center\">ATIVIDADES DE CONFEC\u00c7\u00c3O DE ROUPAS<\/p>\n\n\n\n<div class=\"wp-block-buttons is-content-justification-center is-layout-flex wp-block-buttons-is-layout-flex\">\n<div class=\"wp-block-button is-style-outline is-style-outline--4\"><a class=\"wp-block-button__link has-colibri-color-5-color has-colibri-color-6-background-color has-text-color has-background\" href=\"http:\/\/www.indaial.sc.gov.br\/empreendedor\/index.php\/atividades-de-confeccao-de-roupas\/\" style=\"border-radius:50px\" target=\"_blank\" rel=\"noreferrer noopener\">Clique Aqui<\/a><\/div>\n<\/div>\n<\/div>\n\n\n\n<div class=\"wp-block-column is-layout-flow wp-block-column-is-layout-flow\">\n<div class=\"wp-block-image\"><figure class=\"aligncenter size-full\"><img loading=\"lazy\" decoding=\"async\" width=\"128\" height=\"128\" src=\"http:\/\/www.indaial.sc.gov.br\/empreendedor\/wp-content\/uploads\/2021\/08\/1664206_climb_climbing_mountain_nature_rock_icon.png\" alt=\"\" class=\"wp-image-5672\"\/><\/figure><\/div>\n\n\n\n<p class=\"has-text-align-center\">ATIVIDADE DE APARELHAMENTO DE PLACAS (MARMORARIA)<\/p>\n\n\n\n<div class=\"wp-block-buttons is-content-justification-center is-layout-flex wp-block-buttons-is-layout-flex\">\n<div class=\"wp-block-button is-style-outline is-style-outline--5\"><a class=\"wp-block-button__link has-colibri-color-5-color has-colibri-color-6-background-color has-text-color has-background\" href=\"http:\/\/www.indaial.sc.gov.br\/empreendedor\/index.php\/atividade-de-aparelhamento-de-placas-marmoraria\/\" style=\"border-radius:50px\" target=\"_blank\" rel=\"noreferrer noopener\">Clique Aqui<\/a><\/div>\n<\/div>\n<\/div>\n\n\n\n<div class=\"wp-block-column is-layout-flow wp-block-column-is-layout-flow\">\n<div class=\"wp-block-image\"><figure class=\"aligncenter size-full\"><img loading=\"lazy\" decoding=\"async\" width=\"128\" height=\"128\" src=\"http:\/\/www.indaial.sc.gov.br\/empreendedor\/wp-content\/uploads\/2021\/08\/3688443_cloth_clothing_shirt_tee_tshirt_icon.png\" alt=\"\" class=\"wp-image-5673\"\/><\/figure><\/div>\n\n\n\n<p class=\"has-text-align-center\">ATIVIDADE DE ESTAMPARIA E TEXTURIZA\u00c7\u00c3O EM FIOS<\/p>\n\n\n\n<div class=\"wp-block-buttons is-content-justification-center is-layout-flex wp-block-buttons-is-layout-flex\">\n<div class=\"wp-block-button is-style-outline is-style-outline--6\"><a class=\"wp-block-button__link has-colibri-color-5-color has-colibri-color-6-background-color has-text-color has-background\" href=\"http:\/\/www.indaial.sc.gov.br\/empreendedor\/index.php\/atividade-de-estamparia-e-texturizacao-em-fios\/\" style=\"border-radius:50px\" target=\"_blank\" rel=\"noreferrer noopener\">Clique aqui<\/a><\/div>\n<\/div>\n<\/div>\n<\/div>\n<\/div><\/div>\n\n\n\n<div style=\"height:20px\" aria-hidden=\"true\" class=\"wp-block-spacer\"><\/div>\n\n\n\n<div class=\"wp-block-group alignwide\"><div class=\"wp-block-group__inner-container is-layout-flow wp-block-group-is-layout-flow\">\n<div class=\"wp-block-columns alignwide is-layout-flex wp-container-core-columns-is-layout-9d6595d7 wp-block-columns-is-layout-flex\">\n<div class=\"wp-block-column is-layout-flow wp-block-column-is-layout-flow\">\n<div class=\"wp-block-image\"><figure class=\"aligncenter size-full\"><img loading=\"lazy\" decoding=\"async\" width=\"128\" height=\"128\" src=\"http:\/\/www.indaial.sc.gov.br\/empreendedor\/wp-content\/uploads\/2021\/08\/3605339_blowtorch_butane_construction_equipment_flame_icon.png\" alt=\"\" class=\"wp-image-5674\"\/><\/figure><\/div>\n\n\n\n<p class=\"has-text-align-center\">SERVI\u00c7O INDUSTRIAL DE USINAGEM, SOLDA E SEMELHANTES<\/p>\n\n\n\n<div class=\"wp-block-buttons is-content-justification-center is-layout-flex wp-block-buttons-is-layout-flex\">\n<div class=\"wp-block-button is-style-outline is-style-outline--7\"><a class=\"wp-block-button__link has-colibri-color-5-color has-colibri-color-6-background-color has-text-color has-background\" href=\"http:\/\/www.indaial.sc.gov.br\/empreendedor\/index.php\/servico-industrial-de-usinagem-soldas-e-semelhantes\/\" style=\"border-radius:50px\" target=\"_blank\" rel=\"noreferrer noopener\">Clique Aqui<\/a><\/div>\n<\/div>\n<\/div>\n\n\n\n<div class=\"wp-block-column is-layout-flow wp-block-column-is-layout-flow\"><\/div>\n\n\n\n<div class=\"wp-block-column is-layout-flow wp-block-column-is-layout-flow\"><\/div>\n<\/div>\n<\/div><\/div>\n\n\n\n<div style=\"height:100px\" aria-hidden=\"true\" class=\"wp-block-spacer\"><\/div>\n\n\n\n<div class=\"wp-block-media-text alignwide is-stacked-on-mobile\"><figure class=\"wp-block-media-text__media\"><img loading=\"lazy\" decoding=\"async\" width=\"422\" height=\"420\" src=\"http:\/\/www.indaial.sc.gov.br\/empreendedor\/wp-content\/uploads\/2021\/05\/Capturar1.png\" alt=\"\" class=\"wp-image-5124 size-full\" srcset=\"http:\/\/www.indaial.sc.gov.br\/empreendedor\/wp-content\/uploads\/2021\/05\/Capturar1.png 422w, http:\/\/www.indaial.sc.gov.br\/empreendedor\/wp-content\/uploads\/2021\/05\/Capturar1-300x300.png 300w, http:\/\/www.indaial.sc.gov.br\/empreendedor\/wp-content\/uploads\/2021\/05\/Capturar1-150x150.png 150w\" sizes=\"(max-width: 422px) 100vw, 422px\" \/><\/figure><div class=\"wp-block-media-text__content\">\n<h2 class=\"has-text-align-center wp-block-heading\">INFORMA\u00c7\u00d5ES \u00daTEIS<\/h2>\n\n\n\n<p class=\"has-text-align-center\">A Secretaria de Urbaniza\u00e7\u00e3o e Meio Ambiente est\u00e1 localizada na Avenida Carlos Schroeder, n\u00b0 815, Bairro Na\u00e7\u00f5es (junto \u00e0 ETE CASAN).<\/p>\n\n\n\n<p class=\"has-text-align-center\">Em caso de d\u00favidas, entrar em contato nos telefones: <strong>(47) 3333-4520 <\/strong>ou<strong> (47) 3333-4530<\/strong><\/p>\n<\/div><\/div>\n","protected":false},"excerpt":{"rendered":"<p>O licenciamento ambiental \u00e9 procedimento administrativo pelo qual o \u00f3rg\u00e3o ambiental competente licencia a localiza\u00e7\u00e3o, instala\u00e7\u00e3o, amplia\u00e7\u00e3o e a opera\u00e7\u00e3o de empreendimentos e atividades utilizadoras de recursos ambientais, consideradas efetiva ou potencialmente poluidoras ou daquelas que, sob qualquer forma, possam causar degrada\u00e7\u00e3o ambiental, considerando as disposi\u00e7\u00f5es legais e regulamentares e as normas t\u00e9cnicas aplic\u00e1veis ao [&hellip;]<\/p>\n","protected":false},"author":1,"featured_media":0,"parent":0,"menu_order":0,"comment_status":"closed","ping_status":"closed","template":"","meta":{"footnotes":""},"class_list":["post-5115","page","type-page","status-publish","hentry"],"_links":{"self":[{"href":"http:\/\/www.indaial.sc.gov.br\/empreendedor\/index.php\/wp-json\/wp\/v2\/pages\/5115","targetHints":{"allow":["GET"]}}],"collection":[{"href":"http:\/\/www.indaial.sc.gov.br\/empreendedor\/index.php\/wp-json\/wp\/v2\/pages"}],"about":[{"href":"http:\/\/www.indaial.sc.gov.br\/empreendedor\/index.php\/wp-json\/wp\/v2\/types\/page"}],"author":[{"embeddable":true,"href":"http:\/\/www.indaial.sc.gov.br\/empreendedor\/index.php\/wp-json\/wp\/v2\/users\/1"}],"replies":[{"embeddable":true,"href":"http:\/\/www.indaial.sc.gov.br\/empreendedor\/index.php\/wp-json\/wp\/v2\/comments?post=5115"}],"version-history":[{"count":16,"href":"http:\/\/www.indaial.sc.gov.br\/empreendedor\/index.php\/wp-json\/wp\/v2\/pages\/5115\/revisions"}],"predecessor-version":[{"id":5733,"href":"http:\/\/www.indaial.sc.gov.br\/empreendedor\/index.php\/wp-json\/wp\/v2\/pages\/5115\/revisions\/5733"}],"wp:attachment":[{"href":"http:\/\/www.indaial.sc.gov.br\/empreendedor\/index.php\/wp-json\/wp\/v2\/media?parent=5115"}],"curies":[{"name":"wp","href":"https:\/\/api.w.org\/{rel}","templated":true}]}}