{"id":5734,"date":"2021-09-13T16:50:16","date_gmt":"2021-09-13T19:50:16","guid":{"rendered":"http:\/\/www.indaial.sc.gov.br\/empreendedor\/?page_id=5734"},"modified":"2023-09-04T14:58:45","modified_gmt":"2023-09-04T17:58:45","slug":"como-emitir-a-nfs-e-pelo-aplicativo","status":"publish","type":"page","link":"http:\/\/www.indaial.sc.gov.br\/empreendedor\/index.php\/como-emitir-a-nfs-e-pelo-aplicativo\/","title":{"rendered":"Como emitir a NFS-e pelo Aplicativo"},"content":{"rendered":"\n<p>Preparamos um passo a passo para os contribuintes que querem emitir sua Nota Fiscal de Servi\u00e7o Eletr\u00f4nica pelo celular, neste caso \u00e9 necess\u00e1rio a utiliza\u00e7\u00e3o do aplicativo<a href=\"https:\/\/play.google.com\/store\/apps\/details?id=nfse.android.ipm.com.br.nfs_emobile&amp;hl=pt_BR&amp;gl=US\" data-type=\"URL\" data-id=\"https:\/\/play.google.com\/store\/apps\/details?id=nfse.android.ipm.com.br.nfs_emobile&amp;hl=pt_BR&amp;gl=US\"> NFS-e<\/a> da IPM.<\/p>\n\n\n\n<p>Lembramos que a NFS-e est\u00e1 dispon\u00edvel apenas para pessoas jur\u00eddicas ME &#8211; EPP e Demais. Os MEIs devem acessar <a href=\"https:\/\/www.gov.br\/nfse\/pt-br\/produtos-disponiveis\/app-emissor-de-nfs-e\" target=\"_blank\" rel=\"noreferrer noopener\">NFSe Mobile<\/a>. As pessoas f\u00edsicas devem emitir a Nota Fiscal de Servi\u00e7o Avulsa &#8211; Veja como clicando <a rel=\"noreferrer noopener\" href=\"http:\/\/www.indaial.sc.gov.br\/empreendedor\/index.php\/como-emitir-nota-fiscal-de-servico-avulsa-pessoas-fisicas\/\" data-type=\"page\" data-id=\"4524\" target=\"_blank\">aqui<\/a>.<\/p>\n\n\n\n<p>Caso prefira, as empresas podem emitir a NFS-e pelo computador acessando o site www.nfs-e.net &#8211; Veja como clicando <a href=\"http:\/\/www.indaial.sc.gov.br\/empreendedor\/index.php\/como-emitir-nfs-e-pessoas-juridicas\/\" data-type=\"page\" data-id=\"949\" target=\"_blank\" rel=\"noreferrer noopener\">aqui<\/a><\/p>\n\n\n\n<p><\/p>\n\n\n\n<figure class=\"wp-block-image size-large\"><img fetchpriority=\"high\" decoding=\"async\" width=\"1024\" height=\"1024\" src=\"http:\/\/www.indaial.sc.gov.br\/empreendedor\/wp-content\/uploads\/2021\/09\/1-1024x1024.png\" alt=\"\" class=\"wp-image-5735\" srcset=\"http:\/\/www.indaial.sc.gov.br\/empreendedor\/wp-content\/uploads\/2021\/09\/1-1024x1024.png 1024w, http:\/\/www.indaial.sc.gov.br\/empreendedor\/wp-content\/uploads\/2021\/09\/1-300x300.png 300w, http:\/\/www.indaial.sc.gov.br\/empreendedor\/wp-content\/uploads\/2021\/09\/1-150x150.png 150w, http:\/\/www.indaial.sc.gov.br\/empreendedor\/wp-content\/uploads\/2021\/09\/1-768x768.png 768w, http:\/\/www.indaial.sc.gov.br\/empreendedor\/wp-content\/uploads\/2021\/09\/1.png 1080w\" sizes=\"(max-width: 1024px) 100vw, 1024px\" \/><\/figure>\n\n\n\n<figure class=\"wp-block-image size-large\"><img decoding=\"async\" width=\"1024\" height=\"1024\" src=\"http:\/\/www.indaial.sc.gov.br\/empreendedor\/wp-content\/uploads\/2021\/09\/2-1024x1024.png\" alt=\"\" class=\"wp-image-5736\" srcset=\"http:\/\/www.indaial.sc.gov.br\/empreendedor\/wp-content\/uploads\/2021\/09\/2-1024x1024.png 1024w, http:\/\/www.indaial.sc.gov.br\/empreendedor\/wp-content\/uploads\/2021\/09\/2-300x300.png 300w, http:\/\/www.indaial.sc.gov.br\/empreendedor\/wp-content\/uploads\/2021\/09\/2-150x150.png 150w, http:\/\/www.indaial.sc.gov.br\/empreendedor\/wp-content\/uploads\/2021\/09\/2-768x768.png 768w, http:\/\/www.indaial.sc.gov.br\/empreendedor\/wp-content\/uploads\/2021\/09\/2.png 1080w\" sizes=\"(max-width: 1024px) 100vw, 1024px\" \/><\/figure>\n\n\n\n<figure class=\"wp-block-image size-large\"><img decoding=\"async\" width=\"1024\" height=\"1024\" src=\"http:\/\/www.indaial.sc.gov.br\/empreendedor\/wp-content\/uploads\/2021\/09\/3-1024x1024.png\" alt=\"\" class=\"wp-image-5737\" srcset=\"http:\/\/www.indaial.sc.gov.br\/empreendedor\/wp-content\/uploads\/2021\/09\/3-1024x1024.png 1024w, http:\/\/www.indaial.sc.gov.br\/empreendedor\/wp-content\/uploads\/2021\/09\/3-300x300.png 300w, http:\/\/www.indaial.sc.gov.br\/empreendedor\/wp-content\/uploads\/2021\/09\/3-150x150.png 150w, http:\/\/www.indaial.sc.gov.br\/empreendedor\/wp-content\/uploads\/2021\/09\/3-768x768.png 768w, http:\/\/www.indaial.sc.gov.br\/empreendedor\/wp-content\/uploads\/2021\/09\/3.png 1080w\" sizes=\"(max-width: 1024px) 100vw, 1024px\" \/><\/figure>\n\n\n\n<figure class=\"wp-block-image size-large\"><img loading=\"lazy\" decoding=\"async\" width=\"1080\" height=\"1080\" src=\"http:\/\/www.indaial.sc.gov.br\/empreendedor\/wp-content\/uploads\/2021\/09\/4-1024x1024.png\" alt=\"\" class=\"wp-image-5738\" srcset=\"http:\/\/www.indaial.sc.gov.br\/empreendedor\/wp-content\/uploads\/2021\/09\/4-1024x1024.png 1024w, http:\/\/www.indaial.sc.gov.br\/empreendedor\/wp-content\/uploads\/2021\/09\/4-300x300.png 300w, http:\/\/www.indaial.sc.gov.br\/empreendedor\/wp-content\/uploads\/2021\/09\/4-150x150.png 150w, http:\/\/www.indaial.sc.gov.br\/empreendedor\/wp-content\/uploads\/2021\/09\/4-768x768.png 768w, http:\/\/www.indaial.sc.gov.br\/empreendedor\/wp-content\/uploads\/2021\/09\/4.png 1080w\" sizes=\"(max-width: 1080px) 100vw, 1080px\" \/><\/figure>\n\n\n\n<figure class=\"wp-block-image size-large\"><img loading=\"lazy\" decoding=\"async\" width=\"1024\" height=\"1024\" src=\"http:\/\/www.indaial.sc.gov.br\/empreendedor\/wp-content\/uploads\/2021\/09\/5-1024x1024.png\" alt=\"\" class=\"wp-image-5739\" srcset=\"http:\/\/www.indaial.sc.gov.br\/empreendedor\/wp-content\/uploads\/2021\/09\/5-1024x1024.png 1024w, http:\/\/www.indaial.sc.gov.br\/empreendedor\/wp-content\/uploads\/2021\/09\/5-300x300.png 300w, http:\/\/www.indaial.sc.gov.br\/empreendedor\/wp-content\/uploads\/2021\/09\/5-150x150.png 150w, http:\/\/www.indaial.sc.gov.br\/empreendedor\/wp-content\/uploads\/2021\/09\/5-768x768.png 768w, http:\/\/www.indaial.sc.gov.br\/empreendedor\/wp-content\/uploads\/2021\/09\/5.png 1080w\" sizes=\"(max-width: 1024px) 100vw, 1024px\" \/><\/figure>\n\n\n\n<figure class=\"wp-block-image size-large\"><img loading=\"lazy\" decoding=\"async\" width=\"1024\" height=\"1024\" src=\"http:\/\/www.indaial.sc.gov.br\/empreendedor\/wp-content\/uploads\/2021\/09\/6-1024x1024.png\" alt=\"\" class=\"wp-image-5740\" srcset=\"http:\/\/www.indaial.sc.gov.br\/empreendedor\/wp-content\/uploads\/2021\/09\/6-1024x1024.png 1024w, http:\/\/www.indaial.sc.gov.br\/empreendedor\/wp-content\/uploads\/2021\/09\/6-300x300.png 300w, http:\/\/www.indaial.sc.gov.br\/empreendedor\/wp-content\/uploads\/2021\/09\/6-150x150.png 150w, http:\/\/www.indaial.sc.gov.br\/empreendedor\/wp-content\/uploads\/2021\/09\/6-768x768.png 768w, http:\/\/www.indaial.sc.gov.br\/empreendedor\/wp-content\/uploads\/2021\/09\/6.png 1080w\" sizes=\"(max-width: 1024px) 100vw, 1024px\" \/><\/figure>\n\n\n\n<figure class=\"wp-block-image size-large\"><img loading=\"lazy\" decoding=\"async\" width=\"1024\" height=\"1024\" src=\"http:\/\/www.indaial.sc.gov.br\/empreendedor\/wp-content\/uploads\/2021\/09\/7-1024x1024.png\" alt=\"\" class=\"wp-image-5741\" srcset=\"http:\/\/www.indaial.sc.gov.br\/empreendedor\/wp-content\/uploads\/2021\/09\/7-1024x1024.png 1024w, http:\/\/www.indaial.sc.gov.br\/empreendedor\/wp-content\/uploads\/2021\/09\/7-300x300.png 300w, http:\/\/www.indaial.sc.gov.br\/empreendedor\/wp-content\/uploads\/2021\/09\/7-150x150.png 150w, http:\/\/www.indaial.sc.gov.br\/empreendedor\/wp-content\/uploads\/2021\/09\/7-768x768.png 768w, http:\/\/www.indaial.sc.gov.br\/empreendedor\/wp-content\/uploads\/2021\/09\/7.png 1080w\" sizes=\"(max-width: 1024px) 100vw, 1024px\" \/><\/figure>\n\n\n\n<figure class=\"wp-block-image size-large\"><img loading=\"lazy\" decoding=\"async\" width=\"1024\" height=\"1024\" src=\"http:\/\/www.indaial.sc.gov.br\/empreendedor\/wp-content\/uploads\/2021\/09\/8-1024x1024.png\" alt=\"\" class=\"wp-image-5742\" srcset=\"http:\/\/www.indaial.sc.gov.br\/empreendedor\/wp-content\/uploads\/2021\/09\/8-1024x1024.png 1024w, http:\/\/www.indaial.sc.gov.br\/empreendedor\/wp-content\/uploads\/2021\/09\/8-300x300.png 300w, http:\/\/www.indaial.sc.gov.br\/empreendedor\/wp-content\/uploads\/2021\/09\/8-150x150.png 150w, http:\/\/www.indaial.sc.gov.br\/empreendedor\/wp-content\/uploads\/2021\/09\/8-768x768.png 768w, http:\/\/www.indaial.sc.gov.br\/empreendedor\/wp-content\/uploads\/2021\/09\/8.png 1080w\" sizes=\"(max-width: 1024px) 100vw, 1024px\" \/><\/figure>\n","protected":false},"excerpt":{"rendered":"<p>Preparamos um passo a passo para os contribuintes que querem emitir sua Nota Fiscal de Servi\u00e7o Eletr\u00f4nica pelo celular, neste caso \u00e9 necess\u00e1rio a utiliza\u00e7\u00e3o do aplicativo NFS-e da IPM. Lembramos que a NFS-e est\u00e1 dispon\u00edvel apenas para pessoas jur\u00eddicas ME &#8211; EPP e Demais. Os MEIs devem acessar NFSe Mobile. As pessoas f\u00edsicas devem [&hellip;]<\/p>\n","protected":false},"author":1,"featured_media":0,"parent":0,"menu_order":0,"comment_status":"closed","ping_status":"closed","template":"","meta":{"footnotes":""},"class_list":["post-5734","page","type-page","status-publish","hentry"],"_links":{"self":[{"href":"http:\/\/www.indaial.sc.gov.br\/empreendedor\/index.php\/wp-json\/wp\/v2\/pages\/5734","targetHints":{"allow":["GET"]}}],"collection":[{"href":"http:\/\/www.indaial.sc.gov.br\/empreendedor\/index.php\/wp-json\/wp\/v2\/pages"}],"about":[{"href":"http:\/\/www.indaial.sc.gov.br\/empreendedor\/index.php\/wp-json\/wp\/v2\/types\/page"}],"author":[{"embeddable":true,"href":"http:\/\/www.indaial.sc.gov.br\/empreendedor\/index.php\/wp-json\/wp\/v2\/users\/1"}],"replies":[{"embeddable":true,"href":"http:\/\/www.indaial.sc.gov.br\/empreendedor\/index.php\/wp-json\/wp\/v2\/comments?post=5734"}],"version-history":[{"count":2,"href":"http:\/\/www.indaial.sc.gov.br\/empreendedor\/index.php\/wp-json\/wp\/v2\/pages\/5734\/revisions"}],"predecessor-version":[{"id":6642,"href":"http:\/\/www.indaial.sc.gov.br\/empreendedor\/index.php\/wp-json\/wp\/v2\/pages\/5734\/revisions\/6642"}],"wp:attachment":[{"href":"http:\/\/www.indaial.sc.gov.br\/empreendedor\/index.php\/wp-json\/wp\/v2\/media?parent=5734"}],"curies":[{"name":"wp","href":"https:\/\/api.w.org\/{rel}","templated":true}]}}