{"id":59,"date":"2020-02-26T10:31:51","date_gmt":"2020-02-26T13:31:51","guid":{"rendered":"http:\/\/www.indaial.sc.gov.br\/empreendedor\/?page_id=59"},"modified":"2020-02-26T10:35:47","modified_gmt":"2020-02-26T13:35:47","slug":"nota-eletronica-de-servico-nfs-e","status":"publish","type":"page","link":"http:\/\/www.indaial.sc.gov.br\/empreendedor\/index.php\/nota-eletronica-de-servico-nfs-e\/","title":{"rendered":"Nota Eletr\u00f4nica de Servi\u00e7o &#8211; NFS-e (pessoa jur\u00eddica)"},"content":{"rendered":"\n<p>O munic\u00edpio disponibiliza aos contribuintes, pessoa jur\u00eddica, a possibilidade de emiss\u00e3o da Nota de Servi\u00e7o de forma on-line, pelo site da nota, ou pelo aplicativo, sendo que o aplicativo esta dispon\u00edvel para <a href=\"https:\/\/play.google.com\/store\/apps\/details?id=nfse.android.ipm.com.br.nfs_emobile&amp;hl=pt_BR\">Android <\/a>ou <a href=\"https:\/\/itunes.apple.com\/br\/app\/ipm-nfs-e\/id1147279863?l=en&amp;mt=8\">IOS<\/a>.<br>Obs.: As pessoas f\u00edsicas dever\u00e3o comparecer \u00e0 Sala do Empreendedor para emiss\u00e3o da Nota Avulsa de Servi\u00e7o, para tanto dever\u00e3o apresentar documento pessoal, dados do tomador do servi\u00e7o (nome, CNPJ e endere\u00e7o), valor e descri\u00e7\u00e3o do servi\u00e7o, sendo ent\u00e3o gerada uma guia dos tributos municipais e, ap\u00f3s seu pagamento, a nota ficar\u00e1 dispon\u00edvel para retirada na Sala do Empreendedor.<\/p>\n\n\n\n<p><a href=\"https:\/\/indaial.atende.net\/?pg=autoatendimento#!\/tipo\/servico\/valor\/82\/padrao\/1\/load\/1\">Nota Eletr\u00f4nica de Servi\u00e7o &#8211; NFS-e<\/a><\/p>\n","protected":false},"excerpt":{"rendered":"<p>O munic\u00edpio disponibiliza aos contribuintes, pessoa jur\u00eddica, a possibilidade de emiss\u00e3o da Nota de Servi\u00e7o de forma on-line, pelo site da nota, ou pelo aplicativo, sendo que o aplicativo esta dispon\u00edvel para Android ou IOS.Obs.: As pessoas f\u00edsicas dever\u00e3o comparecer \u00e0 Sala do Empreendedor para emiss\u00e3o da Nota Avulsa de Servi\u00e7o, para tanto dever\u00e3o apresentar [&hellip;]<\/p>\n","protected":false},"author":1,"featured_media":0,"parent":0,"menu_order":0,"comment_status":"closed","ping_status":"closed","template":"","meta":{"footnotes":""},"class_list":["post-59","page","type-page","status-publish","hentry"],"_links":{"self":[{"href":"http:\/\/www.indaial.sc.gov.br\/empreendedor\/index.php\/wp-json\/wp\/v2\/pages\/59","targetHints":{"allow":["GET"]}}],"collection":[{"href":"http:\/\/www.indaial.sc.gov.br\/empreendedor\/index.php\/wp-json\/wp\/v2\/pages"}],"about":[{"href":"http:\/\/www.indaial.sc.gov.br\/empreendedor\/index.php\/wp-json\/wp\/v2\/types\/page"}],"author":[{"embeddable":true,"href":"http:\/\/www.indaial.sc.gov.br\/empreendedor\/index.php\/wp-json\/wp\/v2\/users\/1"}],"replies":[{"embeddable":true,"href":"http:\/\/www.indaial.sc.gov.br\/empreendedor\/index.php\/wp-json\/wp\/v2\/comments?post=59"}],"version-history":[{"count":2,"href":"http:\/\/www.indaial.sc.gov.br\/empreendedor\/index.php\/wp-json\/wp\/v2\/pages\/59\/revisions"}],"predecessor-version":[{"id":61,"href":"http:\/\/www.indaial.sc.gov.br\/empreendedor\/index.php\/wp-json\/wp\/v2\/pages\/59\/revisions\/61"}],"wp:attachment":[{"href":"http:\/\/www.indaial.sc.gov.br\/empreendedor\/index.php\/wp-json\/wp\/v2\/media?parent=59"}],"curies":[{"name":"wp","href":"https:\/\/api.w.org\/{rel}","templated":true}]}}