{"id":6395,"date":"2022-03-31T09:10:52","date_gmt":"2022-03-31T12:10:52","guid":{"rendered":"http:\/\/www.indaial.sc.gov.br\/empreendedor\/?page_id=6395"},"modified":"2022-03-31T09:56:02","modified_gmt":"2022-03-31T12:56:02","slug":"como-criar-acesso-a-conta-gov-br","status":"publish","type":"page","link":"http:\/\/www.indaial.sc.gov.br\/empreendedor\/index.php\/como-criar-acesso-a-conta-gov-br\/","title":{"rendered":"Como criar acesso a conta GOV BR"},"content":{"rendered":"\n<h2 class=\"wp-block-heading\">O que \u00e9 a conta gov.br?<\/h2>\n\n\n\n<p>Ela \u00e9 uma identifica\u00e7\u00e3o que comprova em meios digitais que voc\u00ea \u00e9 voc\u00ea. Com ela, voc\u00ea se identifica com seguran\u00e7a na hora de acessar servi\u00e7os digitais. Ela \u00e9 gratuita e est\u00e1 dispon\u00edvel para todos os cidad\u00e3os brasileiros.<\/p>\n\n\n\n<hr class=\"wp-block-separator\"\/>\n\n\n\n<p><\/p>\n\n\n\n<h2 class=\"wp-block-heading\">Onde posso usar minha conta gov.br?<\/h2>\n\n\n\n<p>Voc\u00ea pode usar a sua conta gov.br para acessar servi\u00e7os do SUS, inscrever-se no ENEM, consultar sua CNH ou Carteira de Trabalho digital, simular aposentadoria no Meu INSS, al\u00e9m de diversos outros servi\u00e7os.<\/p>\n\n\n\n<hr class=\"wp-block-separator\"\/>\n\n\n\n<p><\/p>\n\n\n\n<h2 class=\"wp-block-heading\">Conta de acesso<\/h2>\n\n\n\n<p>Para criar uma conta de acesso verifque o passo a passo em: <a href=\"http:\/\/faq-login-unico.servicos.gov.br\/en\/latest\/_perguntasdafaq\/contaacesso.html\" target=\"_blank\" rel=\"noreferrer noopener\">http:\/\/faq-login-unico.servicos.gov.br\/en\/latest\/_perguntasdafaq\/contaacesso.html<\/a><\/p>\n\n\n\n<p><\/p>\n\n\n\n<hr class=\"wp-block-separator\"\/>\n\n\n\n<p><\/p>\n\n\n\n<h2 class=\"wp-block-heading\">Aumentar de n\u00edvel<\/h2>\n\n\n\n<p>Veja como aumentar o n\u00edvel da sua conta GOV BR clicando <a href=\"http:\/\/www.indaial.sc.gov.br\/empreendedor\/index.php\/obter-mais-confiabilidade-na-conta-de-acesso\/\" data-type=\"page\" data-id=\"6397\" target=\"_blank\" rel=\"noreferrer noopener\">aqui<\/a><\/p>\n","protected":false},"excerpt":{"rendered":"<p>O que \u00e9 a conta gov.br? Ela \u00e9 uma identifica\u00e7\u00e3o que comprova em meios digitais que voc\u00ea \u00e9 voc\u00ea. Com ela, voc\u00ea se identifica com seguran\u00e7a na hora de acessar servi\u00e7os digitais. Ela \u00e9 gratuita e est\u00e1 dispon\u00edvel para todos os cidad\u00e3os brasileiros. Onde posso usar minha conta gov.br? Voc\u00ea pode usar a sua conta [&hellip;]<\/p>\n","protected":false},"author":1,"featured_media":0,"parent":0,"menu_order":0,"comment_status":"closed","ping_status":"closed","template":"","meta":{"footnotes":""},"class_list":["post-6395","page","type-page","status-publish","hentry"],"_links":{"self":[{"href":"http:\/\/www.indaial.sc.gov.br\/empreendedor\/index.php\/wp-json\/wp\/v2\/pages\/6395","targetHints":{"allow":["GET"]}}],"collection":[{"href":"http:\/\/www.indaial.sc.gov.br\/empreendedor\/index.php\/wp-json\/wp\/v2\/pages"}],"about":[{"href":"http:\/\/www.indaial.sc.gov.br\/empreendedor\/index.php\/wp-json\/wp\/v2\/types\/page"}],"author":[{"embeddable":true,"href":"http:\/\/www.indaial.sc.gov.br\/empreendedor\/index.php\/wp-json\/wp\/v2\/users\/1"}],"replies":[{"embeddable":true,"href":"http:\/\/www.indaial.sc.gov.br\/empreendedor\/index.php\/wp-json\/wp\/v2\/comments?post=6395"}],"version-history":[{"count":4,"href":"http:\/\/www.indaial.sc.gov.br\/empreendedor\/index.php\/wp-json\/wp\/v2\/pages\/6395\/revisions"}],"predecessor-version":[{"id":6409,"href":"http:\/\/www.indaial.sc.gov.br\/empreendedor\/index.php\/wp-json\/wp\/v2\/pages\/6395\/revisions\/6409"}],"wp:attachment":[{"href":"http:\/\/www.indaial.sc.gov.br\/empreendedor\/index.php\/wp-json\/wp\/v2\/media?parent=6395"}],"curies":[{"name":"wp","href":"https:\/\/api.w.org\/{rel}","templated":true}]}}